(base 9) to base 4.
113033
125 (base 10) to base 6
325
What is 702 (base 13) in base 15?
540
-2f1 (base 16) to base 15
-353
Convert 2b1 (base 12) to base 2.
110100101
Convert -2212434 (base 5) to base 14.
-10058
-5a6 (base 15) to base 11
-a65
10303 (base 7) to base 13
1213
What is -1c0 (base 15) in base 8?
-625
Convert -16a1a (base 14) to base 6.
-1115132
Convert -12120121 (base 3) to base 6.
-30454
What is -2013214 (base 5) in base 11?
-22302
106 (base 10) to base 6
254
-10024432 (base 5) to base 12
-3a360
Convert 243332 (base 5) to base 10.
9217
What is -324 (base 5) in base 4?
-1121
What is 32a (base 12) in base 14?
254
What is 3010 (base 8) in base 9?
2105
What is -33022131 (base 4) in base 16?
-f29d
-4b22 (base 14) to base 16
-336a
-10101000010 (base 2) to base 13
-7c7
8002 (base 14) to base 12
10856
Convert 10100011110100 (base 2) to base 7.
42365
-10013130 (base 4) to base 8
-40734
What is 42304 (base 5) in base 8?
5415
-325030 (base 6) to base 16
-698a
21120 (base 3) to base 11
176
What is -101303 (base 7) in base 13?
-7b4a
Convert 420130 (base 5) to base 10.
13790
Convert -21011020 (base 4) to base 2.
-1001000101001000
-256 (base 15) to base 3
-201200
-54 (base 7) to base 6
-103
-2260 (base 9) to base 8
-3212
Convert 111 (base 9) to base 7.
160
Convert -22123 (base 12) to base 7.
-245325
Convert -805 (base 9) to base 10.
-653
-10100011011011 (base 2) to base 5
-313314
What is -229 (base 11) in base 7?
-540
10010100110000 (base 2) to base 6
112024
What is -1013014 (base 5) in base 6?
-205002
What is 221410 (base 6) in base 12?
a866
What is 6437 (base 13) in base 11?
a4a0
Convert 543 (base 8) to base 4.
11203
What is -14154 (base 7) in base 4?
-330111
What is 1110110010110 (base 2) in base 15?
239e
540 (base 12) to base 13
471
Convert -11011102212 (base 3) to base 7.
-460655
-1288 (base 13) to base 10
-2647
What is 97a1 (base 11) in base 3?
122202011
-2988 (base 11) to base 9
-5244
-101011110100001 (base 2) to base 4
-11132201
What is -200012111 (base 3) in base 10?
-13270
What is 2202020102 (base 3) in base 15?
1107e
What is 3421 (base 5) in base 12?
346
13750 (base 11) to base 14
7196
Convert 503 (base 7) to base 13.
161
Convert -2d4d (base 15) to base 4.
-2120110
What is -61231 (base 9) in base 3?
-2001021001
22012 (base 4) to base 9
787
Convert -bed (base 15) to base 3.
-10200221
What is 34253 (base 6) in base 13?
2298
What is -65710 (base 8) in base 2?
-110101111001000
What is -345305 (base 6) in base 15?
-8c05
What is -31222 (base 5) in base 16?
-80e
152 (base 14) to base 13
178
What is 79a (base 12) in base 14?
5a6
Convert -565 (base 11) to base 14.
-364
-77ee (base 15) to base 2
-110001101010000
3120 (base 5) to base 2
110011010
Convert 71 (base 10) to base 11.
65
What is -39 (base 12) in base 15?
-30
529 (base 11) to base 7
1566
Convert 250 (base 8) to base 13.
cc
-110111000 (base 2) to base 5
-3230
Convert -410 (base 10) to base 9.
-505
Convert -20022021 (base 3) to base 13.
-2128
71284 (base 10) to base 2
10001011001110100
What is -106427 (base 9) in base 10?
-63772
Convert -74c7 (base 13) to base 12.
-9476
What is 500 (base 14) in base 4?
33110
What is -1010101000 (base 2) in base 16?
-2a8
2522 (base 8) to base 3
1212110
404 (base 5) to base 3
10212
Convert bdc (base 15) to base 9.
3610
What is -1383 (base 9) in base 10?
-1047
What is 1702 (base 8) in base 15?
442
-3002 (base 14) to base 16
-202a
1633 (base 7) to base 5
10121
Convert -3132 (base 9) to base 6.
-14345
Convert 100010110000 (base 2) to base 5.
32344
-226302 (base 7) to base 8
-117257
110011010 (base 2) to base 8
632
What is 220 (base 16) in base 3?
202011
What is 77 (base 16) in base 11?
a9
What is -2b06 (base 16) in base 8?
-25406
-20b9 (base 14) to base 15
-1a1b
-1000111010 (base 2) to base 5
-4240
What is -c32 (base 15) in base 5?
-41442
Convert -25762 (base 10) to base 3.
-1022100011
Convert -1011111011101 (base 2) to base 14.
-2325
What is -26a3 (base 16) in base 8?
-23243
6466 (base 11) to base 14
3182
What is 424 (base 11) in base 15?
240
-3a6b (base 12) to base 10
-6707
What is -30695 (base 10) in base 12?
-1591b
Convert 194aa (base 11) to base 16.
6a58
What is -1132 (base 7) in base 15?
-1ca
-1acb (base 16) to base 14
-26dd
Convert -c3b (base 15) to base 11.
-2086
Convert 5254 (base 6) to base 8.
2242
Convert -59c (base 14) to base 12.
-792
Convert 3136 (base 7) to base 11.
915
What is -402 (base 9) in base 8?
-506
What is 21010200 (base 3) in base 8?
12122
What is -24414 (base 6) in base 11?
-2792
45420 (base 6) to base 12
3870
-505 (base 10) to base 13
-2cb
984 (base 10) to base 6
4320
Convert 1431 (base 5) to base 4.
3301
Convert 112112 (base 4) to base 15.
655
126 (base 11) to base 3
12112
Convert -33453 (base 6) to base 15.
-15e3
-2bc7 (base 15) to base 11
-7087
What is b7 (base 12) in base 2?
10001011
What is -442 (base 7) in base 8?
-342
What is -200222212 (base 3) in base 12?
-801b
Convert 1aa (base 14) to base 11.
295
What is 24387 (base 9) in base 5?
1010420
Convert 312101 (base 4) to base 9.
4678
What is 1403 (base 7) in base 10?
542
-100011111000011 (base 2) to base 10
-18371
What is 1031 (base 8) in base 5?
4122
Convert 143 (base 10) to base 7.
263
Convert 2112310 (base 4) to base 8.
22664
Convert -1a5 (base 11) to base 5.
-1421
21233 (base 5) to base 10
1443
576 (base 13) to base 11
787
Convert -10d60 (base 14) to base 4.
-22001120
67466 (base 8) to base 6
335450
What is -210112 (base 3) in base 10?
-581
What is 421 (base 16) in base 15?
4a7
What is -1022202 (base 3) in base 16?
-3c5
-10111100 (base 2) to base 5
-1223
What is 1b0 (base 16) in base 6?
2000
-9da6 (base 14) to base 7
-142566
Convert 52073 (base 9) to base 16.
8619
1312301 (base 4) to base 9
11375
What is 100100100001001 (base 2) in base 15?
5817
13143 (base 5) to base 11
873
-16b (base 16) to base 14
-1bd
Convert -2150 (base 6) to base 2.
-111110010
What is -10210020 (base 3) in base 2?
-101011001000
332424 (base 5) to base 11
87a9
Convert -5531 (base 6) to base 9.
-1671
1110101010010100 (base 2) to base 7
340036
What is 4289 (base 12) in base 9?
11016
What is -1154 (base 7) in base 5?
-3211
What is 46 (base 8) in base 11?
35
-115b (base 14) to base 8
-5715
-10210033 (base 4) to base 12
-a9a7
Convert 444 (base 15) to base 6.
4244
22121 (base 3) to base 10
232
Convert 334141 (base 5) to base 8.
27024
What is -1465 (base 14) in base 15?
-1112
Convert -22421 (base 5) to base 8.
-3113
What is 134433 (base 5) in base 13?
2732
Convert -1200222120 (base 3) to base 12.
-17496
What is 2030022 (base 5) in base 12?
17215
Convert 4542 (base 7) to base 14.
859
What is -1a152 (base 13) in base 3?
-2120122021
Convert -1044010 (base 5) to base 3.
-221120000
Convert 150 (base 6) to base 11.
60
-120 (base 6) to base 16
-30
-258 (base 10) to base 6
-1110
2015 (base 8) to base 9
1372
What is 161440 (base 8) in base 10?
58144
-41247 (base 8) to base 2
-100001010100111
What is -211223 (base 4) in base 3?
-10022022
Convert 1c685 (base 13) to base 15.
11918
Convert -113542 (base 6) to base 13.
-4697
12232 (base 4) to base 10
430
What is -234 (base 12) in base 3?
-110011
Convert 55441 (base 7) to base 12.
80a1
Convert 8cc (base 13) to base 4.
113300
Convert -18538 (base 9) to base 6.
-135225
What is 121111010 (base 3) in base 10?
12018
26221 (base 12) to base 13
1a97a
5c8 (base 15) to base 9
1718
-317 (base 8) to base 5
-1312
Convert 324 (base 16) to base 6.
3420
What is -1c8 (base 16) in base 10?
-456
What is 34726 (base 9) in base 4?
11222112
48211 (base 10) to base 15
e441
Convert 2020020 (base 3) to base 15.
736
-815 (base 9) to base 5
-10122
What is 65c (base 13) in base 8?
2103
Convert -131105 (base 7) to base 16.
-5f57
-688 (base 15) to base 9
-2022
What is 2f8f (base 16) in base 2?
10111110001111
What is -7cd (base 14) in base 5?
-22203
What is 165 (base 16) in base 2?
101100101
-7023 (base 8) to base 7
-13335
-762 (base 13) to base 5
-20023
2c8 (base 15) to base 4
21332
What is 101244 (base 5) in base 4?
303330
What is 2062 (base 9) in base 4?
113222
What is 110111002 (base 3) in base 7?
35351
Convert -20027 (base 8) to base 5.
-230330
Convert 7657 (base 9) to base 5.
140031
Convert 11342 (base 9) to base 3.
101101102
Convert 2315 (base 6) to base 13.
335
-61276 (base 8) to base 16
-62b